e -5*u + 0*u + 4*r = 30, 4*r - 14 = -3*u. Let o = 1 + -3. Let p = o - u. Give g(p).
-5
Let z be (-42)/54 + 7/((-189)/6). Let d(c) = 12*c. Calculate d(z).
-12
Suppose -7 - 3 = 5*g. Let n(f) = -5*f**2 + 2 - 2*f + 3*f**2 + f**2. Calculate n(g).
2
Let c = 73 + -73. Let f(r) be the third derivative of -2/3*r**3 + 0*r**5 + 1/120*r**6 + 3*r**2 + c*r + 0*r**4 + 0. Give f(0).
-4
Let o(w) = -2*w**2 - 4*w - 3. Let h = -133 - -130. What is o(h)?
-9
Let t = 47 + -44. Let n(s) be the second derivative of 0 + 0*s**2 - t*s - 1/6*s**3. What is n(2)?
-2
Let z(c) = -2*c**3 + 3*c**2 - 3*c + 2. Let m be -5 + (4*-1)/(-2). Let t be m - (-1 - 0) - -4. What is z(t)?
-8
Suppose -3*u - c + 9 = 0, 3*u - 27 = 5*c - 0. Let p = u - 0. Suppose 2*g + p = 2. Let j(f) = -6*f**3 + 2*f**2 + 2*f + 1. Calculate j(g).
7
Let k(h) = 3*h**2 - 8. Let l(m) = 5*m**2 - m - 15. Suppose 0 = -q - 0*q - 7. Let s(y) = q*k(y) + 4*l(y). Calculate s(-3).
-1
Let t(s) = -s**3 + 7*s**2 + 8*s - 3. Suppose 2*d = -6*d + 64. Determine t(d).
-3
Let g be ((-2)/(-5))/((-1)/(-5)). Let z(v) = 2*v**3 - v**2 - 2*v. Determine z(g).
8
Suppose -5*m + 16 = -19. Let l(z) = -5*z**2 - 4 + 7*z**2 - 3*z - z**3 + m*z**2 - 4*z**2. Give l(3).
5
Let f(i) = -i - 3. Let l = -8 - -11. Give f(l).
-6
Suppose n = -5*g - n + 33, 0 = -3*g + 2*n + 7. Let l(a) = -a**2 + 10*a - 2. Let x(s) = -s**2 + 11*s - 1. Let y(r) = 6*l(r) - 5*x(r). Calculate y(g).
-7
Let t(a) = -a**2 + 10*a + 4. Let i be t(10). Suppose 3*j = 2*p - 6 - 13, 0 = -i*p + 2*j + 18. Let d(r) = r**3 + r**2. Give d(p).
12
Let f(n) = 2*n**3 - 7*n**2 + n + 7. Let m(s) = s**3 - 6*s**2 + s + 6. Let d be 3 + (-1)/2*10. Let q(b) = d*f(b) + 3*m(b). Determine q(-4).
0
Let f(w) = -8*w - 15. Let x = -11 - -5. Let q(u) = -9*u - 16. Let m(z) = x*q(z) + 7*f(z). Calculate m(-6).
3
Let d(l) = -l**3 - l**2. Let p(o) = 4*o**3 - 5*o**2 + 8*o - 1. Let h(q) = 3*d(q) + p(q). Determine h(6).
-25
Suppose -o - 10 = 1. Let y = o + 15. Let l = y + -2. Let j(t) = -2*t**2 + 2*t + 1. What is j(l)?
-3
Let d(o) be the second derivative of 4*o + 1/2*o**2 + 0 - o**3. Suppose 13 = 4*n - 2*n + 3*k, 3*n + 4*k - 17 = 0. Calculate d(n).
7
Suppose 3*f - 3 + 0 = 0. Let t(i) be the second derivative of 0 - 1/6*i**3 + i + i**2. Determine t(f).
1
Let g(x) = 7*x - 5*x + 2*x - 2*x**2 - 3. Let i(k) = -2*k**2 + 10*k - 5. Let t be i(4). Give g(t).
-9
Let j be 0/(1 + (-2)/(-2)). Let y(s) = 0*s - 2*s + 1 + j*s. Suppose -4*c = 3*n - 2, -6*n + n = -5*c + 20. Calculate y(c).
-3
Let z(k) = 3 + 1 - 4 - 10*k. Suppose 0*h = -h + 1. Determine z(h).
-10
Let j(m) be the third derivative of -m**5/60 + m**4/24 - 20*m**2. Calculate j(1).
0
Suppose c = 5*b + 7, b = -3*b - 4. Suppose 0 = 5*y - c*y. Let j be 0*(1 - 2 - y). Let z(l) = -l**3 - l - 7. Determine z(j).
-7
Let k(p) = -6*p + p**2 + p**3 + 0*p**2 - 6 + 3*p**2. Let i(m) = 3*m + 7. Let r be i(6). Suppose 10*q + r = 5*q. Determine k(q).
-1
Let z(h) = 2*h**2 + 2*h - 2. Suppose 3*l = 6*l. Suppose 2*w - 3*k = 13, -4*k - 14 = -l*w - w. What is z(w)?
10
Let m(j) = 3*j**2 - j + 4. Let f(a) = 2*a**2 + 3. Let o(l) = -5*f(l) + 4*m(l). Suppose 2*t + 0 - 6 = 0. Give o(t).
7
Let c = 2 + -4. Let f(u) be the second derivative of 0 + 1/12*u**4 + 1/3*u**3 + 1/2*u**2 + 3*u. Determine f(c).
1
Let q(v) = 9*v**2 - 7*v**2 + 3*v**2 - 3*v**3 + 2*v + 4*v**3 + 2. Give q(-5).
-8
Suppose -5*t = -z + 24, -2*t + 2*z = -4*t. Let l(f) = -f**2 - 5*f. Let v be l(t). Let o(q) = -2*q**2 - 3 + v + q**2 + 3*q. What is o(-2)?
-9
Let f(l) = -13*l + 2. Let c(s) = 7*s - 1. Let y(t) = -11*c(t) - 6*f(t). Let v = -4 - -7. Suppose -2*q - 18 = -2*x, 0*q = -5*q - v*x - 5. Give y(q).
-5
Let g be 4/1 + (-4 - -2). Let s(v) = v**2 - 3*v - 1 - g + 0 + 8*v. Calculate s(-4).
-7
Let c(v) = -2*v + 4. Let f = -23 + 26. Give c(f).
-2
Let h(b) = -6*b + 7*b - b**3 - b. Determine h(1).
-1
Let z = -10 - -5. Let j(s) = s - 7. Calculate j(z).
-12
Suppose -5*d = 5*j + 15, 2*d - 12 = 3*j + 12. Let o(k) = -k**2 - 8*k - 2. Give o(j).
10
Let z(g) = -3*g**3 + g**2 + 3. Let b(d) = -8 + 13 + 2*d**2 + 2*d**3 - 9*d**3. Let x(s) = 3*b(s) - 5*z(s). Determine x(1).
-5
Let y(s) = s + 9. Suppose 0 = -3*p + 5*p. What is y(p)?
9
Suppose -20 = 3*h - 29. Let d(n) = 2*n**2 - 3*n - 3. What is d(h)?
6
Suppose 11 = -3*l + 8. Let k(n) = 4*n + 1. Calculate k(l).
-3
Let n(l) = l - 7. Let w(r) = -r**3 + r**2 + 2*r - 1. Let f be w(2). Let u be f/5 - 306/(-30). Suppose -4*b = -14 - u. Determine n(b).
-1
Let s(t) be the second derivative of t**4/12 - 4*t**2 + 4*t. Give s(0).
-8
Let k(f) = 3*f**3 - 4*f**2 - f - 5. Let v(s) = -2*s**3 + 3*s**2 + s + 4. Let p(b) = -3*k(b) - 4*v(b). Let y be ((-3)/(-2))/(24/(-32)). Give p(y).
9
Let s(m) be the second derivative of -5*m**3/3 - m**2/2 - 11*m. Determine s(-3).
29
Suppose d = 3*d, 2*s + 2*d = 0. Let y(j) = s*j - 7*j + j. Determine y(2).
-12
Let f(p) = p**2 + 2*p + 8. Let g be f(0). Let l be (-4)/(g/14)*-1. Let j(v) = -v**2 + 5*v + 9. Calculate j(l).
-5
Suppose 3 = -i, 5*n - 3*i - 4 = -0*n. Let g be 4/2 - n - 3. Let y(d) = d**3 - d**2 - d + 8. Determine y(g).
8
Let b = 4 + -1. Suppose 10 = 5*m - b*m. Let d(y) = -3*y + 7. Give d(m).
-8
Let z(n) be the second derivative of -2*n + 1/2*n**3 - 3/2*n**2 - 1/12*n**4 + 0. What is z(2)?
-1
Let t(q) = 11*q**2 - 1. Let f(z) = z**3 - 6*z**2 - 17*z + 9. Let i be f(8). What is t(i)?
10
Let p(x) = 7*x + 2. Suppose c - 5*c - 2*z = -60, 4*z = -16. Let i(r) = -20*r - 6. Let b(h) = c*p(h) + 6*i(h). What is b(-4)?
2
Let o(h) = 1 - 1 + h + 1. Let j(l) = l. Let n(p) = -2*j(p) + o(p). Determine n(3).
-2
Suppose 6 = 2*b - 4. Let c(m) = m. Let t(r) = 3*r - 24. Let z(w) = -w + 6. Let s(k) = -4*t(k) - 15*z(k). Let p(v) = 2*c(v) - s(v). Determine p(b).
-11
Suppose 0 = l + l + 2. Let b be l*(-1 + 0)/(-1). Let f(h) = 9*h**2 + 13 - 13. Determine f(b).
9
Let k be (28/(-7))/(3/(-3)). Let w(p) = -p**3 + 4*p**2 + 4*p - 2. What is w(k)?
14
Let s be 2/(-6) + 11/(-3). Let n(b) = -b - 2. Determine n(s).
2
Let c(i) be the first derivative of i**2 - 3*i + 3. What is c(6)?
9
Let v(a) = a**3 + a**2. Let j(b) = b - 9. Let x be j(12). Suppose 12 = -4*o, 7*o - x*o + 12 = -3*d. Calculate v(d).
0
Let q(h) = -h**3 - 4*h**2 - 3*h - 6. Let j be ((-2)/(-2))/((-4)/(-20)). Suppose 12 = -j*o + 4*u, 3*u + 2*u = -5*o - 30. Determine q(o).
6
Let s = 7 - 8. Let l(t) = -2*t**3 + 7*t**2 - 3*t + 1. Let w(z) = -z**3 - z**2 + z. Let y(g) = -l(g) - 5*w(g). Calculate y(s).
-8
Let j = 0 + 4. Suppose 0 = -t + 1 + 1. Let h(a) = -3 + 6*a**2 + j - t*a + 3*a. Calculate h(-1).
6
Let m(b) be the third derivative of b**4/24 + 5*b**3/3 + 2*b**2. Let w be m(-7). Let t = w - 6. Let s(z) = -z**2 - 7*z - 4. Determine s(t).
8
Let s(x) be the second derivative of -x + 1/6*x**4 + 3/2*x**2 + 0 + 1/2*x**3. Suppose 2*v + 7 = -y, 5 = v + 4*v - 5*y. Give s(v).
5
Let d(i) = -2*i + 1. Let g(x) = -x + 1. Let v(s) = -2*d(s) + 5*g(s). Calculate v(3).
0
Suppose -2*i - 7 = -4*l + 15, -l - 5*i = 22. Let u(t) = -t - 2 - 5*t + 7*t. Determine u(l).
1
Let k(p) = 2*p + 7. Let s be k(-6). Let v(c) = c**3 + 4*c**2 - 2*c - 2. Calculate v(s).
-17
Suppose 0 = 4*m - 9*m + 10. Let j(s) = -4*s + 5 - s**2 - m*s - 8. Let u be j(-6). Let c(g) = -2*g**2 - 3*g + 3. Determine c(u).
-6
Suppose 3*d + o + 1 = 0, 3*d - o = -d + 1. Let r(l) be the second derivative of -l**4/12 + l**2/2 + l. Give r(d).
1
Suppose 4*d = -7 - 5, 2*d = j - 1. Let h(i) = -i**2 - 5*i - 6. Give h(j).
-6
Let i(g) = g**3 - 5*g**2 + g - 3. Let j be (10/8)/((-2)/(-8)). Let k be i(j). Let n(y) = -2*y**2 + 4*y - 2. Determine n(k).
-2
Let z(k) = 2*k**3 - k**2 + 7*k + 5. Let h(t) = -t**3 + t**2 - 3*t - 2. Let q(w) = -5*h(w) - 2*z(w). Give q(2).
-2
Let t(q) = 0*q**2 - q**2 + 0*q**2 - 2*q + q. Let f(o) = -o**3 - o**2 - o. Let p(v) = 4*f(v) - 4*t(v). Give p(1).
-4
Let k(a) = -3*a**2 + 3*a**2 + 3*a + a**3 - 5*a**2 + 3*a**2. What is k(2)?
6
Let z be (2/(-6))/((-3)/9). Let i(r) = -4*r - 3*r**2 + 5*r**2 + 0*r**2. Let g(d) = -5*d**2 + 11*d. Let p(j) = -3*g(j) - 8*i(j). Determine p(z).
-2
Let f(x) = x. Let m = 12 - 8. Let r be f(m). Let k(b) = 2 - 5*b + r - 3 + b**2. Calculate k(4).
-1
Let y(r) = -8*r**2 - r + 4. Let k(c) = -c**2. Let s(x) = 6*k(x) - y(x). Let w be (-4)/(-14) + 2/(56/76). Calculate s(w).
17
Let p be (-8)/40 + (-1)/(-5). Let u(m) = m**2 + 1. Let d be u(p). Let y be d/4 + 15/4. Let n(z) = -z - 4. Give n(y).
-8
Let t(u) be